e -2*l - 426 = -4*b, -1 + 4 = -n*l. Suppose 0 = -4*o + b + 42. Is o a composite number?
False
Let q(g) = -g - 12. Let a = -21 + 11. Let d be q(a). Let t(r) = -11*r - 3. Is t(d) composite?
False
Let u = 377 - 151. Suppose -3*j = -j - u. Is j composite?
False
Let p(z) be the first derivative of 2 - 5/2*z**2 - 1/4*z**4 - 2*z**3 - 7*z. Is p(-6) a composite number?
False
Suppose -562 = -5*q + 923. Is 4/2 + -4 + q prime?
False
Let l = 1841 - 588. Is l composite?
True
Suppose 5*k - 2*k = 969. Is k prime?
False
Let k be 1/4 + 92/16. Suppose 2*s = k, -3*s - 276 = 6*i - i. Let z = -23 - i. Is z prime?
False
Let z(s) = s**2 - 8*s + 11. Let k be z(7). Suppose 293 = k*g + 5*b, 2*b - 40 - 305 = -5*g. Is g a composite number?
False
Let h(b) = 3*b**2 - 22*b - 14. Suppose -6*q - 85 = -11*q. Is h(q) composite?
False
Let o(x) = 44*x**2 + 8*x + 5. Is o(9) a prime number?
False
Let o = 696 - 161. Is o composite?
True
Suppose -3*a + 26 - 5 = 0. Let r(u) = 2*u**2 + 3*u + 3. Is r(a) a prime number?
False
Let l(q) = -7*q**3 - 11*q**2 + 4*q - 5. Let c(w) = -13*w**3 - 21*w**2 + 8*w - 9. Let i(b) = -6*c(b) + 11*l(b). Is i(-4) prime?
True
Let k(b) = -8*b + 1. Let o(j) = -7*j + 1. Suppose g + 2 = -2. Let q(z) = g*k(z) + 5*o(z). Is q(-12) prime?
True
Is (-298)/(-14) + (-2)/7 prime?
False
Let k(n) = 5*n + 10*n**2 + 8*n - 2*n**2 - 11. Is k(-8) a composite number?
False
Let a(b) be the third derivative of 17*b**4/24 - 5*b**3/6 + b**2. Let w = -3 + 9. Is a(w) a composite number?
False
Suppose 5*r = 2*j + 18, 5*r = 2*r - j + 13. Let f(z) = -1 + 9*z + r*z - 2*z. Is f(6) composite?
True
Let h(a) = 10*a**2 + 3*a - 2. Let p(d) be the third derivative of d**5/3 + 5*d**4/24 - d**3/2 + 2*d**2. Let j(k) = -5*h(k) + 3*p(k). Is j(1) a composite number?
False
Let w(t) = 6*t**3 + 5*t**2 + 2*t + 7. Is w(4) prime?
True
Suppose 0 = 2*k + 3*k - 40. Let n = -7 + k. Is 1*(n - (-1 + -23)) a composite number?
True
Let w = -40 - -77. Is w + 0*(-2)/(-6) prime?
True
Is 4 + -6 + 1442 - 1 a prime number?
True
Let a = -19 + 109. Suppose -a = -5*h - 0*h. Let v = -11 + h. Is v a prime number?
True
Suppose 2*t - 24 = -2*t. Suppose -t*v + 168 = -3*v. Is v/6 + (-8)/(-12) a prime number?
False
Suppose r = -2*w - 189, -w - 111 = -5*r - 0*r. Let x = w - -175. Is x a composite number?
False
Let w = -7 - -9. Suppose 3*t = b - w*t - 44, 0 = 5*t + 10. Is b a composite number?
True
Let s be (-54)/45*20/(-6). Suppose -s*q = -4*b + 72, 4*b + 5*q - 51 = 2*q. Is b a prime number?
False
Suppose -h + 382 = 91. Is h composite?
True
Let d be 4/(-16) + (-63)/(-12). Suppose d*i = -3*f, 0 = 8*i - 3*i - 5*f. Suppose i = -3*r + 3*x + 146 + 124, -2*x = r - 75. Is r a prime number?
False
Let v(g) = 77*g**2 + g + 2. Let r be v(3). Let z = -357 + r. Is z a prime number?
False
Let y(q) = 23*q + 19. Is y(20) prime?
True
Let n = -25 - -83. Is n composite?
True
Let b = -30 + 56. Suppose -5*l + 3*l + b = 0. Is l prime?
True
Suppose -2*q + 6 = 2. Suppose q*n = 7*n + 110. Is (-2343)/n*(-2)/(-3) a prime number?
True
Let b = 4 - 2. Let i(w) = -w**3 - 2*w**2 - 2*w - 1. Let z be i(-1). Suppose z*u - 194 = -b*u. Is u a prime number?
True
Let j(i) be the third derivative of i**5/12 + i**4/12 - i**3 + 4*i**2. Is j(-5) composite?
False
Let b(p) = 7*p**2 + p. Let l be b(-1). Suppose y + 0 = l. Is y a prime number?
False
Let y(z) = z. Let n be y(2). Suppose n*b - 7 = 91. Is b a composite number?
True
Let f = -4 - -8. Is (f - -252) + (1 - 0) prime?
True
Suppose -4*h = -2*h - 66. Suppose -4*m + 323 + h = 0. Is m a composite number?
False
Let f(l) = 15*l - 11. Let m be f(8). Suppose -2*n + 85 = -m. Is n composite?
False
Let y(s) = -11*s + 3. Suppose 5*o - 20 = o + 4*g, -11 = -o - 5*g. Let d be y(o). Let u = d - -140. Is u a composite number?
True
Suppose -2*t + 0*q = -q - 1409, -5*q = -5*t + 3510. Is t prime?
False
Let u be (1 + -1)/(-1)*-1. Let h = u - -8. Is (-378)/(-8) + (-2)/h composite?
False
Suppose 2*y - 3417 = -y. Is y composite?
True
Suppose a = o - 4, -3*a = 4*o + o - 12. Suppose -o*b + 4*b = 91. Is b composite?
True
Suppose 15108 = 3*d - 3*l, 3*d - 5*l - 15126 = -8*l. Is d a composite number?
False
Let r(i) = -i - 3. Let a be r(-8). Suppose a*v - 532 = v. Is v prime?
False
Let w = 1 - -1. Is 1 + 0 - -7 - w prime?
False
Let h = -11 + 18. Is (-2)/h - (-736)/28 a prime number?
False
Let f(c) = 13*c. Let q be f(2). Let x be 2304/15 - (-6)/(-10). Let g = x - q. Is g composite?
False
Suppose 3*f - 20 = 4*r, 0 = f + 4*r + 15 + 5. Suppose f = 3*n - 71 - 4. Is n a prime number?
False
Let o(s) = -s**2 + 6*s + 9. Let q be o(7). Suppose q*f - 502 = -0*f. Is f composite?
False
Let j = 15 - 19. Let o(c) = -c**3 + 7*c**2 + 5*c + 1. Is o(j) composite?
False
Let a be (-1)/(-3)*(-99)/(-11). Suppose -411 = -a*q + 594. Is q a composite number?
True
Suppose -16*m + 15*m + 485 = 0. Is m prime?
False
Let u(m) = -12*m + 1. Suppose -4*l - 4*y + 11 - 3 = 0, 0 = -l + 3*y + 2. Let p be l/(-9) + (-70)/9. Is u(p) a composite number?
False
Suppose t + 0*t - 5 = 2*v, 2*t = -v + 10. Suppose 24 - 619 = -t*f. Is f a prime number?
False
Let t = -540 - -791. Is t composite?
False
Let u be -2*2*15/(-12). Suppose -2*v + u*v = 99. Is v prime?
False
Let i be (-2 - -1) + 3 + 1. Suppose -896 = -i*q - q. Let n = 387 - q. Is n composite?
False
Suppose -4*x + 865 - 221 = 0. Is x composite?
True
Let r(v) = -1 + 0 + 0 - 40*v. Is r(-2) a prime number?
True
Suppose -44 = -2*r - 452. Let n = -91 - r. Is n a prime number?
True
Let s(l) be the first derivative of l**5/20 - l**4/6 + l**3/2 + l**2/2 + 2. Let y(o) be the second derivative of s(o). Is y(4) a composite number?
True
Suppose -4*d + 7*d = 9. Suppose d*j - 590 = j. Is j a prime number?
False
Let b be (1 - -1)/(-2)*0. Is (b + 3)*(-230)/(-15) a composite number?
True
Suppose -6 = -a - a. Suppose 5*z - a*n + n = -43, -z - 2*n = -1. Let g(f) = 2*f**2 - 3*f - 8. Is g(z) prime?
False
Let g = -239 + 120. Let i = 26 + g. Let y = -16 - i. Is y a composite number?
True
Let q be 1/(-3) - (-28)/3. Let v(u) = 16*u - 14. Let f(n) = -8*n + 7. Let w(j) = -9*f(j) - 4*v(j). Is w(q) prime?
False
Let c = 17 - 15. Suppose -5*r + 3*m = -221, 3*r - 40 = c*r + 2*m. Is r prime?
False
Is 263*4*3/12 a composite number?
False
Suppose -5*s = -210 + 550. Let r = s + 285. Is r prime?
False
Let u = 1324 + -695. Let l = u + -426. Is l composite?
True
Suppose w + 0 - 2 = 0. Suppose -2*p = w*j - 5*j - 38, 2*j - 76 = -4*p. Is p a composite number?
False
Let o(x) be the third derivative of x**8/6720 - x**7/1260 + x**6/360 - x**5/120 - x**4/24 + x**2. Let k(u) be the second derivative of o(u). Is k(3) composite?
True
Let l = -447 - -1624. Is l composite?
True
Suppose -r + 647 = -4*o, -4*r + 3178 = r - o. Is r a composite number?
True
Let d = 3 + -1. Suppose 2*a = -d*a + 532. Is a a composite number?
True
Let c = 792 - 421. Is c a prime number?
False
Suppose -x - 5*k = -0*x - 4240, 3*x - 3*k - 12810 = 0. Is x a composite number?
True
Suppose 0 = -47*n + 50*n - 2361. Is n prime?
True
Suppose -3*u + 0*u + 4*m + 411 = 0, -m - 535 = -4*u. Suppose 0*w + u = y - 2*w, 5*y + 4*w = 623. Is y prime?
True
Let o = -607 + 2072. Is o composite?
True
Is (-1563)/(-6)*(-2)/(-1) composite?
False
Let i(s) = s**2 + 4*s. Let p be i(-2). Let n(x) = 4*x**2 - 2*x - 5. Is n(p) composite?
False
Let x be (-1)/(2/(4*34)). Let f = x + 177. Is f composite?
False
Let w = -352 + 589. Let o = -118 + w. Is o prime?
False
Let x(w) = -w**2 + 6*w + 5. Let c(i) = -i**3 - 3*i**2 + 17*i + 14. Let l(j) = -3*c(j) + 8*x(j). Is l(3) composite?
False
Let x be 4/(-10) - 8/(-20). Suppose y + 33 = 5*z - x*z, -y - 4*z = 42. Let q = 69 + y. Is q prime?
True
Let s = -14 - -14. Suppose -4*b + 12 = s, 0*b = 4*v + 5*b - 1291. Is v a composite number?
True
Is (-71)/((-3 - -1)/2) composite?
False
Suppose -34*f + 2518 = -32*f. Is f a prime number?
True
Suppose 14993 = 5*m - 4332. Is m prime?
False
Let f(h) = -44*h + 1. Is f(-2) prime?
True
Suppose -2*k + 7*k + 2*g = -26, -g - 15 = 3*k. Is 91 + k + 1 + 1 prime?
True
Let d(n) = -2 - 5*n + 2*n**2 + 8*n**2 + 0*n - 3 - n**3. Is d(9) prime?
True
Let m = -21 - -21. Suppose j = 5*p + 31, j - p = -m*j + 47. Is j prime?
False
Is ((50 + -4)/2)/1 prime?
True
Suppose -5*q - a + 1150 = 3*a, 221 = q - a. Suppose -2*y + o + 202 = 5*o, q = 2*y - 2*o. Is y composite?
False
Let o = 393 - -4. Is